ppose o - h = 36. What are the prime factors of o?
2, 53
Let d(h) = -h**2 + 24*h - 18. Let m be 2/((-50)/(-165))*5. Let q = 45 - m. List the prime factors of d(q).
2, 3, 7
Let m be (-12)/(-1)*((-56)/(-32) + -4). Let r be (m/(-36))/(1/4). Suppose -5*a + 441 = d + 3*d, 3 = r*a. List the prime factors of d.
109
Suppose -s - 275 = -3*i, -3*s - 1070 = s + 3*i. List the prime factors of (1*-3 + s + 3)*-1.
269
Let m(y) = 187*y**2 + 35*y - 140. What are the prime factors of m(6)?
2, 19, 179
Suppose -5*o + 3*y = -240239, 132853 = 2*o - 3*y + 36761. What are the prime factors of o?
48049
Let t be 2 - (1 - 4)/(1 - 2). Let h be 28 - 16 - (t + (-8)/(-2)). Suppose 152 = -k + h*k. What are the prime factors of k?
19
Let a be -14 + 9 - 1*0/1. What are the prime factors of (2/a)/(7/(-1365))?
2, 3, 13
Let v(x) = 79*x**2 - 2*x. Suppose i + 2*d - 6 = -0*i, -4*d + 4 = -2*i. Suppose 0 + 1 = 3*y - i*t, -3*y - 5*t + 8 = 0. List the prime factors of v(y).
7, 11
Let k(r) = -10*r + 63. Let d be k(-4). Let q = d + -21. What are the prime factors of q?
2, 41
Suppose -4723*o - 8847 = -4726*o. List the prime factors of o.
3, 983
Let k = 4840 - 2668. Suppose -13*p + k = -7*p. List the prime factors of p.
2, 181
Let h(l) be the second derivative of -l**3/3 - l**2 + 2*l. Let b be h(-1). What are the prime factors of (5 - (b - -2)) + 180/2?
3, 31
Let o(g) = -g**3 + 3*g**2 + 9*g - 13. Let x be 6 + -20 + 7 + -1. List the prime factors of o(x).
619
Let g be (-732)/24*(-4)/(-2). Let l = g + 64. Suppose 15 = l*d - 69. List the prime factors of d.
2, 7
Let u be ((-1281)/(-7))/((-6)/(-16)). Suppose -2*i + 944 = -u. List the prime factors of (-1)/(i/1210 + (-3)/5).
11
Suppose -300*x + 39768 = -297*x. List the prime factors of x.
2, 1657
List the prime factors of (-9 - -4)/((-70)/59234).
4231
Let n(d) = -9035*d - 197. What are the prime factors of n(-1)?
2, 3, 491
Suppose -2*z = -10, -75*g - 4*z = -77*g + 32862. What are the prime factors of g?
41, 401
Suppose -167941 = -232*h + 213*h. List the prime factors of h.
8839
Let s = 19231 + -2409. What are the prime factors of s?
2, 13, 647
Suppose 3*j = -16117 + 70402. What are the prime factors of j?
5, 7, 11, 47
Suppose -y + 2*y = 2*u + 5, 5*u = 4*y - 14. Let l(s) = 163 - 483 - s + 158 + 162 + 76*s**2. List the prime factors of l(y).
3, 5
What are the prime factors of 2 - 1/7*-72172 - 302/1057?
2, 1289
Let w = -722 + 1222. Let y = w - 305. List the prime factors of y.
3, 5, 13
Suppose 3*f - 11539 + 2659 = 0. Suppose 23*c + f = 14690. List the prime factors of c.
2, 3, 5, 17
Let z(c) = c**3 + 9*c**2 - 22*c + 2. Let x be z(-11). Suppose -x*h = u - 996, -3*h = 3*u - 339 - 1152. List the prime factors of h.
499
Let p be 40/14 - (-12)/84. Suppose 5*m - 1864 = -9*h + 8*h, p*h = -m + 384. What are the prime factors of m?
2, 3, 31
Let b(p) = 21*p + 230. Let h be b(-11). What are the prime factors of (35 - -17) + (-8)/h?
2, 3, 5
Suppose 4*k - 4 = 3*k. Suppose -q = k*m - 1018 - 698, 2*q = 0. List the prime factors of m.
3, 11, 13
Suppose -9 = -5*a + 16. Suppose -775 = -5*s - a*b + 480, -2*b = s - 249. What are the prime factors of s?
11, 23
Suppose 0 = -w - 2, -3*b + w = -2*w - 996. Suppose -2*j - b = -3*n, -3*j - 441 = -3*n - n. Let x = -59 + n. What are the prime factors of x?
7
Let i = -103129 + 202307. What are the prime factors of i?
2, 17, 2917
Suppose 294385 = 2314*b - 2309*b - 2*r, -3*b = 3*r - 176631. List the prime factors of b.
7, 13, 647
Let u(x) be the third derivative of 5*x**4 - 83*x**3/3 + 47*x**2 - 2*x. List the prime factors of u(6).
2, 277
Suppose 12*g - 16*g - x = -45599, 102579 = 9*g - 4*x. What are the prime factors of g?
11399
Let b = -75 - -61. What are the prime factors of (63/b - -6)/(2/316)?
3, 79
Let o(u) be the second derivative of 1/6*u**3 + 0 + 27/2*u**2 - 10*u. List the prime factors of o(23).
2, 5
Let t = 33 - 32. List the prime factors of (-3 - -5)/((-17)/(-16) - t).
2
Let c be (560/(-24) - -4)/(1/(-15)). Let g = 540 + c. List the prime factors of g.
2, 5, 83
Suppose 0 = 3*i + 5*y - 26292, 2*y = 2*i - 2876 - 14652. What are the prime factors of i?
2, 7, 313
List the prime factors of 248/(-372)*56154/(-4).
7, 191
Let k(h) = 8*h**2 - 26*h + 162. Let s(v) = 7*v + 52. Let d be s(-6). List the prime factors of k(d).
2, 3, 13
Suppose 14 = 3*g + 2*p + 4, -p = -g + 5. Suppose 2*z + g = 10. List the prime factors of 86*z/6 - 4.
3, 13
Suppose 0 = -q + 10 - 4. Let p(a) = -109 + 101 + 19*a**2 - q*a + a**2 + 13*a**2. What are the prime factors of p(-2)?
2, 17
Let n be (-2)/3*(-1377)/54. Let f(l) = l**3 - 17*l**2 + 2*l - 4. Let g be f(n). Let b = 69 - g. List the prime factors of b.
3, 13
Suppose -w = -4*u - 6*w + 35351 + 67957, w = 0. What are the prime factors of u?
3, 8609
Let i(g) = 5*g**2 - 14. Let w(j) = -4*j**2 + 14. Let p(s) = 5*i(s) + 6*w(s). Let o be p(8). List the prime factors of o + 1 - (-2 + 3).
2, 3, 13
Suppose -300416 = -3*o - 29*o. What are the prime factors of o?
2, 2347
Let g(j) = 7*j**2 + 72*j + 72. What are the prime factors of g(-20)?
2, 179
Let t(v) be the first derivative of 1895*v**2/2 - 9*v - 77. List the prime factors of t(1).
2, 23, 41
Let o be 525 - (8 + (-11 - -5)). Suppose -5*k + 4*j + 2651 = 0, -k + j + o = 2*j. List the prime factors of k.
17, 31
Suppose 323160 = 4*l + 6*i, 112*l + i = 109*l + 242363. List the prime factors of l.
3, 7, 3847
Let q(x) = x**2 + 26*x + 51. Let z be q(-24). Let t be z/(4/24*6). Suppose -k + 46 = t*u, 4*u + 5*k - 34 = 3*u. List the prime factors of u.
2, 7
Let v = 1838 + -3581. Let b = -767 - v. What are the prime factors of b?
2, 61
Let i be (12*(-49)/(-28))/(6/98). Let w = i - 210. What are the prime factors of w?
7, 19
Let d(i) = 49*i**3 + 8*i**2 + 3*i + 28. What are the prime factors of d(8)?
2, 11, 53
Suppose 7*f = 9*f + 186. Let o = 259 + f. List the prime factors of o.
2, 83
Suppose 263*k - 571*k = -16604896. List the prime factors of k.
2, 23, 293
Suppose 2*s + 5*b + 11 = 0, -3*b - 15 = 2*s - 5*s. Suppose -168 = -2*f - 3*m, 0 = -5*f + s*f - 2*m + 242. Let u = -32 + f. List the prime factors of u.
2, 23
What are the prime factors of (226796/295)/((-2)/(-5))?
2, 31
Let v be 2681/5 - (54/(-30) + 2). Let f = -117 + v. List the prime factors of f.
419
Suppose 2*p + 3996 = 3*f, -4*f + 284*p = 280*p - 5324. What are the prime factors of f?
2, 23, 29
Suppose 2*v - 46*v = 72*v - 6905132. What are the prime factors of v?
13, 19, 241
Let l be ((-35)/(-40)*-34 + -1)*-24. Suppose -l = 96*d - 102*d. List the prime factors of d.
3, 41
Let c(j) be the second derivative of -3*j**5/10 - 11*j**4/12 - 13*j**3/3 + 5*j**2/2 + 2*j + 27. List the prime factors of c(-4).
317
List the prime factors of ((-171)/76)/((-15)/19640).
2, 3, 491
Suppose 5*i = 15, -112*y + 4*i = -113*y + 49733. What are the prime factors of y?
7, 7103
Suppose -4*q - 4 = -16. Suppose -5*w + 4*j + 2362 = 0, -4*j + 928 = -w + q*w. What are the prime factors of w?
2, 5, 47
What are the prime factors of (-29397)/(-492)*(-1)/(1/(-716))?
179, 239
Let g be ((-88)/(-10))/(-7 + 4488/640). Suppose 3*h - g + 146 = 0. List the prime factors of h.
2, 3, 31
Suppose -2*h + 52 + 33 = 3*a, 0 = 3*h - 3*a - 90. Let g be 3/(-6)*(-62 - -2). Suppose -h*z = -g*z - 330. What are the prime factors of z?
2, 3, 11
Suppose 1147630 = 115*d - 610260. What are the prime factors of d?
2, 7643
Let q(t) = -t**3 + 54*t**2 - 23*t - 84. List the prime factors of q(52).
2, 3, 43
Let u(r) = 2*r**3 - 6*r**2 + 6*r + 3. Let t(q) = q**3 + q**2 + q - 1. Let v(d) = t(d) - u(d). Let z be v(5). Let f = 50 - z. List the prime factors of f.
29
Suppose -18 - 48 = -11*c. Suppose -z - 5905 = -c*z. List the prime factors of z.
1181
Let x(o) = -48*o - 164. Let v be ((-361)/57)/(2/6). What are the prime factors of x(v)?
2, 11, 17
Let d = 26 + -11. Suppose 0 = d*z - 16*z + 4. Suppose z*j + 2*s - 130 = 0, j + 3*s + 10 - 30 = 0. List the prime factors of j.
5, 7
Let m = -35275 - -64586. List the prime factors of m.
29311
Suppose 91042 = 4*o - c, 97*c - 100*c = 2*o - 45528. List the prime factors of o.
3, 281
Suppose 0 = 603*h - 618*h + 46065. What are the prime factors of h?
37, 83
Let k(p) = -200*p + 199. What are the prime factors of k(-42)?
8599
Let q(o) = 12 - 25 + 18 - 46*o - o**2. What are the prime factors of q(-37)?
2, 13
Let c(y) = 5*y + 21. Suppose 0 = 60*